{"version":"1.0","type":"rich","provider_name":"Bj\u00f6rk.fr \u2013 Site francophone d\u00e9di\u00e9 \u00e0 Bj\u00f6rk&nbsp;: musique, clips et actualit\u00e9s","provider_url":"https:\/\/www.bjork.fr","title":"\u003Cs\u003EWild In The Country\u003C\/s\u003E (annul\u00e9)","author_name":"sofftchevaliers","width":"480","height":"315","url":"http:\/\/www.bjork.fr\/2008-Wild-In-The-Country","html":"\u003Ch4 class='title'\u003E\u003Ca href='http:\/\/www.bjork.fr\/2008-Wild-In-The-Country'\u003E\u003Cs\u003EWild In The Country\u003C\/s\u003E (annul\u00e9)\u003C\/a\u003E\u003C\/h4\u003E\u003Cblockquote class='spip'\u003E\n\u003Cp\u003EConcert annul\u00e9&nbsp;! \n\u003Cbr class='autobr' \/\u003E\nBjork has cancelled her appearance at the Wild In The Country Festival calling the event \"volatile\". \n\u003Cbr class='autobr' \/\u003E\nThe singer was due to play next Saturday (July 5), but has announced she will now not headline the event, held in Knebworth in Hertfordshire. \n\u003Cbr class='autobr' \/\u003E\nAccording to a statement issued on Bjork\u2019s behalf she has \"been forced to withdraw from the next week due to the volatile nature of this event. Bjork is extremely disappointed that this show will now no longer go ahead.\" \n\u003Cbr class='autobr' \/\u003E\nThey&nbsp;(\u2026)\u003C\/p\u003E\n\u003C\/blockquote\u003E\n"}

Björk.fr – Site francophone dédié à Björk&nbsp;: musique, clips et actualités

<s>Wild In The Country</s> (annulé)

<h4 class='title'><a href='http://www.bjork.fr/2008-Wild-In-The-Country'><s>Wild In The Country</s> (annulé)</a></h4><blockquote class='spip'>
<p>Concert annulé&nbsp;! 
<br class='autobr' />
Bjork has cancelled her appearance at the Wild In The Country Festival calling the event "volatile". 
<br class='autobr' />
The singer was due to play next Saturday (July 5), but has announced she will now not headline the event, held in Knebworth in Hertfordshire. 
<br class='autobr' />
According to a statement issued on Bjork’s behalf she has "been forced to withdraw from the next week due to the volatile nature of this event. Bjork is extremely disappointed that this show will now no longer go ahead." 
<br class='autobr' />
They&nbsp;(…)</p>
</blockquote>
