{"version":"1.0","type":"rich","provider_name":"Bj\u00f6rk.fr \u2013 Site francophone d\u00e9di\u00e9 \u00e0 Bj\u00f6rk&nbsp;: musique, clips et actualit\u00e9s","provider_url":"https:\/\/www.bjork.fr","title":"Bjarni Fr\u00edmann Bjarnason","author_name":"","width":"480","height":"315","url":"http:\/\/www.bjork.fr\/Bjarni-Frimann-Bjarnason","html":"\u003Ch4 class='title'\u003E\u003Ca href='http:\/\/www.bjork.fr\/Bjarni-Frimann-Bjarnason'\u003EBjarni Fr\u00edmann Bjarnason\u003C\/a\u003E\u003C\/h4\u003E\u003Cblockquote class='spip'\u003E\n\u003Cp\u003EChef d\u2019orchestre islandais, Bjarni Fr\u00edmann Bjarnason est n\u00e9 en 1989. Il joue principalement du violon. \n\u003Cbr class='autobr' \/\u003E\nIl a notamment travaill\u00e9 sur les albums de \u00d3lafur Arnalds, Asgeir ou encore le groupe Aminaa et participe \u00e0 des bandes originales de film. Collaboration avec Bj\u00f6rk \n\u003Cbr class='autobr' \/\u003E\nDirection d\u2019orchestre symphonique \n\u003Cbr class='autobr' \/\u003E\n\u2013 Tourn\u00e9e Bj\u00f6rk Orkestral en Europe, Am\u00e9rique du sud en 2021 et 2022 et Japon en 2023.\n\u003Cbr class='autobr' \/\u003E\n\u2013 Concerts acoustiques \u00e0 Mexico et \u00e0 Los Angeles en 2017. \n\u003Cbr class='autobr' \/\u003E\nMusicien (accord\u00e9on)    24 Octobre 2021&nbsp;(\u2026)\u003C\/p\u003E\n\u003C\/blockquote\u003E\n"}

Björk.fr – Site francophone dédié à Björk&nbsp;: musique, clips et actualités

Bjarni Frímann Bjarnason

<h4 class='title'><a href='http://www.bjork.fr/Bjarni-Frimann-Bjarnason'>Bjarni Frímann Bjarnason</a></h4><blockquote class='spip'>
<p>Chef d’orchestre islandais, Bjarni Frímann Bjarnason est né en 1989. Il joue principalement du violon. 
<br class='autobr' />
Il a notamment travaillé sur les albums de Ólafur Arnalds, Asgeir ou encore le groupe Aminaa et participe à des bandes originales de film. Collaboration avec Björk 
<br class='autobr' />
Direction d’orchestre symphonique 
<br class='autobr' />
– Tournée Björk Orkestral en Europe, Amérique du sud en 2021 et 2022 et Japon en 2023.
<br class='autobr' />
– Concerts acoustiques à Mexico et à Los Angeles en 2017. 
<br class='autobr' />
Musicien (accordéon)    24 Octobre 2021&nbsp;(…)</p>
</blockquote>
