{"version":"1.0","type":"rich","provider_name":"Bj\u00f6rk.fr \u2013 Site francophone d\u00e9di\u00e9 \u00e0 Bj\u00f6rk&nbsp;: musique, clips et actualit\u00e9s","provider_url":"https:\/\/www.bjork.fr","title":"Bj\u00f6rk en interview dans le JDM sur MCM","author_name":"","width":"480","height":"315","url":"http:\/\/www.bjork.fr\/Bjork-en-interview-dans-le-JDM-sur-MCM","html":"\u003Ch4 class='title'\u003E\u003Ca href='http:\/\/www.bjork.fr\/Bjork-en-interview-dans-le-JDM-sur-MCM'\u003EBj\u00f6rk en interview dans le JDM sur MCM\u003C\/a\u003E\u003C\/h4\u003E\u003Cblockquote class='spip'\u003E\n\u003Cp\u003EBj\u00f6rk sera en interview toute la semaine prochaine sur MCM dans l\u2019\u00e9mission musicale quotidienne le Journal de la Musique appel\u00e9 aussi le JDM.&nbsp;L\u2019\u00e9mission est multidiffus\u00e9e la journ\u00e9e \u00e0 13h50, 20h30 et 00h45, la premi\u00e8re partie de l\u2019interview aura lien lundi 8 novembre.\n\u003Cbr class='autobr' \/\u003E\n7 jours sur 7, le JDM, c\u2019est le JT \"version MCM\" en 7 mn pr\u00e9par\u00e9 par la super r\u00e9daction de la cha\u00eene. Br\u00e8ves, interviews, reportages&nbsp;: toute l\u2019actualit\u00e9 musicale et les ph\u00e9nom\u00e8nes de \"soci\u00e9t\u00e9\/entertainment\" qui y touchent de&nbsp;(\u2026)\u003C\/p\u003E\n\u003C\/blockquote\u003E\n"}

Björk.fr – Site francophone dédié à Björk&nbsp;: musique, clips et actualités

Björk en interview dans le JDM sur MCM

<h4 class='title'><a href='http://www.bjork.fr/Bjork-en-interview-dans-le-JDM-sur-MCM'>Björk en interview dans le JDM sur MCM</a></h4><blockquote class='spip'>
<p>Björk sera en interview toute la semaine prochaine sur MCM dans l’émission musicale quotidienne le Journal de la Musique appelé aussi le JDM.&nbsp;L’émission est multidiffusée la journée à 13h50, 20h30 et 00h45, la première partie de l’interview aura lien lundi 8 novembre.
<br class='autobr' />
7 jours sur 7, le JDM, c’est le JT "version MCM" en 7 mn préparé par la super rédaction de la chaîne. Brèves, interviews, reportages&nbsp;: toute l’actualité musicale et les phénomènes de "société/entertainment" qui y touchent de&nbsp;(…)</p>
</blockquote>
