{"version":"1.0","type":"rich","provider_name":"Bj\u00f6rk.fr \u2013 Site francophone d\u00e9di\u00e9 \u00e0 Bj\u00f6rk&nbsp;: musique, clips et actualit\u00e9s","provider_url":"https:\/\/www.bjork.fr","title":"Bj\u00f6rk nomm\u00e9e aux Icelandic Music Awards 2026","author_name":"sofftchevaliers","width":"480","height":"315","url":"http:\/\/www.bjork.fr\/Bjork-nommee-aux-Icelandic-Music-Awards-2026","html":"\u003Ch4 class='title'\u003E\u003Ca href='http:\/\/www.bjork.fr\/Bjork-nommee-aux-Icelandic-Music-Awards-2026'\u003EBj\u00f6rk nomm\u00e9e aux Icelandic Music Awards 2026\u003C\/a\u003E\u003C\/h4\u003E\u003Cblockquote class='spip'\u003E\n\u003Cp\u003ELes nominations pour les Icelandic Music Awards 2026 ont \u00e9t\u00e9 d\u00e9voil\u00e9es. Parmi les artistes s\u00e9lectionn\u00e9s figure Bj\u00f6rk, nomm\u00e9e dans la cat\u00e9gorie Performer of the Year. \n\u003Cbr class='autobr' \/\u003E\nLa c\u00e9r\u00e9monie se tiendra le 18 mars dans la salle Silfurberg du Harpa \u00e0 Reykjavik et sera diffus\u00e9e en direct sur la cha\u00eene nationale R\u00daV. \n\u003Cbr class='autobr' \/\u003E\nDans cette cat\u00e9gorie, Bj\u00f6rk est nomm\u00e9e aux c\u00f4t\u00e9s de Marketa Irglov\u00e1, RACHEL, Nose et \u00c1rn\u00fd Margr\u00e9t. \n\u003Cbr class='autobr' \/\u003E\nBj\u00f6rk avait d\u00e9j\u00e0 remport\u00e9 le titre de Performer of the Year en 2022 lors de ces prix qui&nbsp;(\u2026)\u003C\/p\u003E\n\u003C\/blockquote\u003E\n"}

Björk.fr – Site francophone dédié à Björk&nbsp;: musique, clips et actualités

Björk nommée aux Icelandic Music Awards 2026

<h4 class='title'><a href='http://www.bjork.fr/Bjork-nommee-aux-Icelandic-Music-Awards-2026'>Björk nommée aux Icelandic Music Awards 2026</a></h4><blockquote class='spip'>
<p>Les nominations pour les Icelandic Music Awards 2026 ont été dévoilées. Parmi les artistes sélectionnés figure Björk, nommée dans la catégorie Performer of the Year. 
<br class='autobr' />
La cérémonie se tiendra le 18 mars dans la salle Silfurberg du Harpa à Reykjavik et sera diffusée en direct sur la chaîne nationale RÚV. 
<br class='autobr' />
Dans cette catégorie, Björk est nommée aux côtés de Marketa Irglová, RACHEL, Nose et Árný Margrét. 
<br class='autobr' />
Björk avait déjà remporté le titre de Performer of the Year en 2022 lors de ces prix qui&nbsp;(…)</p>
</blockquote>
