{"version":"1.0","type":"rich","provider_name":"Bj\u00f6rk.fr \u2013 Site francophone d\u00e9di\u00e9 \u00e0 Bj\u00f6rk&nbsp;: musique, clips et actualit\u00e9s","provider_url":"https:\/\/www.bjork.fr","title":"Comme des Gar\u00e7ons","author_name":"","width":"480","height":"315","url":"http:\/\/www.bjork.fr\/Comme-des-Garcons","html":"\u003Ch4 class='title'\u003E\u003Ca href='http:\/\/www.bjork.fr\/Comme-des-Garcons'\u003EComme des Gar\u00e7ons\u003C\/a\u003E\u003C\/h4\u003E\u003Cblockquote class='spip'\u003E\n\u003Cp\u003EI always feel very precious about Comme des Gar\u00e7ons just because I\u2019ve been wearing it for so many years, and even before I could afford it, just knowing that they were doing what they were doing made me happy. It was like, Yes&nbsp;! Go, girl&nbsp;!\u003C\/p\u003E\n\u003C\/blockquote\u003E\n"}

Björk.fr – Site francophone dédié à Björk&nbsp;: musique, clips et actualités

Comme des Garçons

<h4 class='title'><a href='http://www.bjork.fr/Comme-des-Garcons'>Comme des Garçons</a></h4><blockquote class='spip'>
<p>I always feel very precious about Comme des Garçons just because I’ve been wearing it for so many years, and even before I could afford it, just knowing that they were doing what they were doing made me happy. It was like, Yes&nbsp;! Go, girl&nbsp;!</p>
</blockquote>
