{"version":"1.0","type":"rich","provider_name":"Bj\u00f6rk.fr \u2013 Site francophone d\u00e9di\u00e9 \u00e0 Bj\u00f6rk&nbsp;: musique, clips et actualit\u00e9s","provider_url":"https:\/\/www.bjork.fr","title":"Comme Des Gar\u00e7ons","author_name":"pierro","width":"480","height":"315","url":"http:\/\/www.bjork.fr\/Comme-Des-Garcons,7439","html":"\u003Ch4 class='title'\u003E\u003Ca href='http:\/\/www.bjork.fr\/Comme-Des-Garcons,7439'\u003EComme Des Gar\u00e7ons\u003C\/a\u003E\u003C\/h4\u003E\u003Cblockquote class='spip'\u003E\n\u003Cp\u003ERobe de la collection Printemps\/\u00e9t\u00e9 2018 dont le mod\u00e8le \u00e0 gauche sur le montage pr\u00e9sent\u00e9 au d\u00e9fil\u00e9 se rapproche le plus. \n\u003Cbr class='autobr' \/\u003E\nBj\u00f6rk se procure souvent des pi\u00e8ces uniques diff\u00e9rentes des prototypes des collections de Comme Des Gar\u00e7ons directement aux magasins, ce qui rend leur identification ou preuve d\u2019intentification difficile. \n\u003Cbr class='autobr' \/\u003E\nBj\u00f6rk la porte r\u00e9guli\u00e8rement lors de soir\u00e9es ou \u00e9venements. \n\u003Cbr class='autobr' \/\u003E\nUn grand merci \u00e0 https:\/\/www.instagram.com\/whatbjorkwore\/ pour avoir identifi\u00e9 la robe et surtout trouv\u00e9&nbsp;(\u2026)\u003C\/p\u003E\n\u003C\/blockquote\u003E\n"}

Björk.fr – Site francophone dédié à Björk&nbsp;: musique, clips et actualités

Comme Des Garçons

<h4 class='title'><a href='http://www.bjork.fr/Comme-Des-Garcons,7439'>Comme Des Garçons</a></h4><blockquote class='spip'>
<p>Robe de la collection Printemps/été 2018 dont le modèle à gauche sur le montage présenté au défilé se rapproche le plus. 
<br class='autobr' />
Björk se procure souvent des pièces uniques différentes des prototypes des collections de Comme Des Garçons directement aux magasins, ce qui rend leur identification ou preuve d’intentification difficile. 
<br class='autobr' />
Björk la porte régulièrement lors de soirées ou évenements. 
<br class='autobr' />
Un grand merci à https://www.instagram.com/whatbjorkwore/ pour avoir identifié la robe et surtout trouvé&nbsp;(…)</p>
</blockquote>
