{"version":"1.0","type":"rich","provider_name":"Bj\u00f6rk.fr \u2013 Site francophone d\u00e9di\u00e9 \u00e0 Bj\u00f6rk&nbsp;: musique, clips et actualit\u00e9s","provider_url":"https:\/\/www.bjork.fr","title":"FranceTV.fr","author_name":"","width":"480","height":"315","url":"http:\/\/www.bjork.fr\/FranceTV-fr","html":"\u003Ch4 class='title'\u003E\u003Ca href='http:\/\/www.bjork.fr\/FranceTV-fr'\u003EFranceTV.fr\u003C\/a\u003E\u003C\/h4\u003E\u003Cblockquote class='spip'\u003E\n\u003Cp\u003EBjork s\u2019est arr\u00eat\u00e9e \u00e0 Lyon plus de dix ans apr\u00e8s un premier passage \u00e0 l\u2019Auditorium, la grande salle classique de la ville. Cette fois, elle s\u2019est install\u00e9e dans un autre lieu unique, le Th\u00e9\u00e2tre Antique, pour le festival de Fourvi\u00e8re. C\u2019\u00e9tait une des deux seules dates en France de la chanteuse. Culturebox y \u00e9tait. \n\u003Cbr class='autobr' \/\u003E\n Dernier soir du mois de juin, l\u2019humeur est l\u00e9g\u00e8re malgr\u00e9 un mercure accablant... Apr\u00e8s quelques dates annul\u00e9es pour cause de nodule sur une corde vocale, la chanteuse islandaise&nbsp;(\u2026)\u003C\/p\u003E\n\u003C\/blockquote\u003E\n"}

Björk.fr – Site francophone dédié à Björk&nbsp;: musique, clips et actualités

<h4 class='title'><a href='http://www.bjork.fr/FranceTV-fr'>FranceTV.fr</a></h4><blockquote class='spip'>
<p>Bjork s’est arrêtée à Lyon plus de dix ans après un premier passage à l’Auditorium, la grande salle classique de la ville. Cette fois, elle s’est installée dans un autre lieu unique, le Théâtre Antique, pour le festival de Fourvière. C’était une des deux seules dates en France de la chanteuse. Culturebox y était. 
<br class='autobr' />
 Dernier soir du mois de juin, l’humeur est légère malgré un mercure accablant... Après quelques dates annulées pour cause de nodule sur une corde vocale, la chanteuse islandaise&nbsp;(…)</p>
</blockquote>
