{"version":"1.0","type":"rich","provider_name":"Bj\u00f6rk.fr \u2013 Site francophone d\u00e9di\u00e9 \u00e0 Bj\u00f6rk&nbsp;: musique, clips et actualit\u00e9s","provider_url":"https:\/\/www.bjork.fr","title":"Iris Van Herpen","author_name":"pierro","width":"480","height":"315","url":"http:\/\/www.bjork.fr\/Iris-Van-Herpen,7557","html":"\u003Ch4 class='title'\u003E\u003Ca href='http:\/\/www.bjork.fr\/Iris-Van-Herpen,7557'\u003EIris Van Herpen\u003C\/a\u003E\u003C\/h4\u003E\u003Cblockquote class='spip'\u003E\n\u003Cp\u003ERobe de la collection Haute Couture Printemps\/\u00e9t\u00e9 2012 intitul\u00e9e \"MICRO\", \u00e9voquant le monde des micro-organismes inspir\u00e9e par le travail du photographe scientifique Steve Gschmeissner. \n\u003Cbr class='autobr' \/\u003E\nIl s\u2019agit de la robe port\u00e9e le plus de fois lors de la tourn\u00e9e Biophilia, 16 dates en tout. \n\u003Cbr class='autobr' \/\u003E\nElle fait partie de la vente aux ench\u00e8res \u00e0 Londres en 2016. Estim\u00e9e entre \u00a34000 et \u00a36000, elle trouve preneur \u00e0 \u00a33600.\u003C\/p\u003E\n\u003C\/blockquote\u003E\n"}

Björk.fr – Site francophone dédié à Björk&nbsp;: musique, clips et actualités

<h4 class='title'><a href='http://www.bjork.fr/Iris-Van-Herpen,7557'>Iris Van Herpen</a></h4><blockquote class='spip'>
<p>Robe de la collection Haute Couture Printemps/été 2012 intitulée "MICRO", évoquant le monde des micro-organismes inspirée par le travail du photographe scientifique Steve Gschmeissner. 
<br class='autobr' />
Il s’agit de la robe portée le plus de fois lors de la tournée Biophilia, 16 dates en tout. 
<br class='autobr' />
Elle fait partie de la vente aux enchères à Londres en 2016. Estimée entre £4000 et £6000, elle trouve preneur à £3600.</p>
</blockquote>
