{"version":"1.0","type":"rich","provider_name":"Bj\u00f6rk.fr \u2013 Site francophone d\u00e9di\u00e9 \u00e0 Bj\u00f6rk&nbsp;: musique, clips et actualit\u00e9s","provider_url":"https:\/\/www.bjork.fr","title":"La tourn\u00e9e Bj\u00f6rk Orkestral impact\u00e9e par les nouvelles mesures sanitaires ","author_name":"sofftchevaliers","width":"480","height":"315","url":"http:\/\/www.bjork.fr\/La-tournee-Bjork-Orkestral-impactee-par-les-nouvelles-mesures-sanitaires","html":"\u003Ch4 class='title'\u003E\u003Ca href='http:\/\/www.bjork.fr\/La-tournee-Bjork-Orkestral-impactee-par-les-nouvelles-mesures-sanitaires'\u003ELa tourn\u00e9e Bj\u00f6rk Orkestral impact\u00e9e par les nouvelles mesures sanitaires \u003C\/a\u003E\u003C\/h4\u003E\u003Cblockquote class='spip'\u003E\n\u003Cp\u003EMauvaise nouvelle pour la tourn\u00e9e Bj\u00f6rk orkestral, suite aux nouvelles mesures temporaires prises par le gouvernement islandais, les concerts vont devoir \u00eatre report\u00e9s. \n\u003Cbr class='autobr' \/\u003E\nDans un communiqu\u00e9, l\u2019organisateur Iceland Airwaves promet de trouver la meilleure solution et va annoncer prochainement les dates de la tourn\u00e9e impact\u00e9es. Les concerts report\u00e9s auront vraisemblablement lieu en septembre. Nouvelles dates pour 3 concerts \n\u003Cbr class='autobr' \/\u003E\nLes nouvelles dates ont \u00e9t\u00e9 communiqu\u00e9es pour les 3 premiers&nbsp;(\u2026)\u003C\/p\u003E\n\u003C\/blockquote\u003E\n"}

Björk.fr – Site francophone dédié à Björk&nbsp;: musique, clips et actualités

La tournée Björk Orkestral impactée par les nouvelles mesures sanitaires

<h4 class='title'><a href='http://www.bjork.fr/La-tournee-Bjork-Orkestral-impactee-par-les-nouvelles-mesures-sanitaires'>La tournée Björk Orkestral impactée par les nouvelles mesures sanitaires </a></h4><blockquote class='spip'>
<p>Mauvaise nouvelle pour la tournée Björk orkestral, suite aux nouvelles mesures temporaires prises par le gouvernement islandais, les concerts vont devoir être reportés. 
<br class='autobr' />
Dans un communiqué, l’organisateur Iceland Airwaves promet de trouver la meilleure solution et va annoncer prochainement les dates de la tournée impactées. Les concerts reportés auront vraisemblablement lieu en septembre. Nouvelles dates pour 3 concerts 
<br class='autobr' />
Les nouvelles dates ont été communiquées pour les 3 premiers&nbsp;(…)</p>
</blockquote>
