{"version":"1.0","type":"rich","provider_name":"Bj\u00f6rk.fr \u2013 Site francophone d\u00e9di\u00e9 \u00e0 Bj\u00f6rk&nbsp;: musique, clips et actualit\u00e9s","provider_url":"https:\/\/www.bjork.fr","title":"Lancement de la r\u00e9trospective Bj\u00f6rk","author_name":"","width":"480","height":"315","url":"http:\/\/www.bjork.fr\/Lancement-de-la-retrospective-Bjork","html":"\u003Ch4 class='title'\u003E\u003Ca href='http:\/\/www.bjork.fr\/Lancement-de-la-retrospective-Bjork'\u003ELancement de la r\u00e9trospective Bj\u00f6rk\u003C\/a\u003E\u003C\/h4\u003E\u003Cblockquote class='spip'\u003E\n\u003Cp\u003EPr\u00e9sent\u00e9e \u00e0 la presse cette semaine et r\u00e9serv\u00e9e exclusivement aux membres pendant encore quelques jours, la r\u00e9trospective consacr\u00e9e \u00e0 Bj\u00f6rk ouvre ses portes ce dimanche au MoMA de New York. \n\u003Cbr class='autobr' \/\u003E\nCette r\u00e9trospective de mi-carri\u00e8re, \u00e0 l\u2019initiative de Klaus Biesenbach, apr\u00e8s une d\u00e9cennie de sollicitations , retrace plus de 20 ans de carri\u00e8re \u00e0 travers musiques, films, photos, instruments, costumes et divers objets. \n\u003Cbr class='autobr' \/\u003E\nCette exposition est propos\u00e9e jusqu\u2019au 7 juin au mus\u00e9e de New York. Pour&nbsp;(\u2026)\u003C\/p\u003E\n\u003C\/blockquote\u003E\n"}

Björk.fr – Site francophone dédié à Björk&nbsp;: musique, clips et actualités

Lancement de la rétrospective Björk

<h4 class='title'><a href='http://www.bjork.fr/Lancement-de-la-retrospective-Bjork'>Lancement de la rétrospective Björk</a></h4><blockquote class='spip'>
<p>Présentée à la presse cette semaine et réservée exclusivement aux membres pendant encore quelques jours, la rétrospective consacrée à Björk ouvre ses portes ce dimanche au MoMA de New York. 
<br class='autobr' />
Cette rétrospective de mi-carrière, à l’initiative de Klaus Biesenbach, après une décennie de sollicitations , retrace plus de 20 ans de carrière à travers musiques, films, photos, instruments, costumes et divers objets. 
<br class='autobr' />
Cette exposition est proposée jusqu’au 7 juin au musée de New York. Pour&nbsp;(…)</p>
</blockquote>
