{"version":"1.0","type":"rich","provider_name":"Bj\u00f6rk.fr \u2013 Site francophone d\u00e9di\u00e9 \u00e0 Bj\u00f6rk&nbsp;: musique, clips et actualit\u00e9s","provider_url":"https:\/\/www.bjork.fr","title":"Le Progr\u00e8s","author_name":"","width":"480","height":"315","url":"http:\/\/www.bjork.fr\/Le-Progres","html":"\u003Ch4 class='title'\u003E\u003Ca href='http:\/\/www.bjork.fr\/Le-Progres'\u003ELe Progr\u00e8s\u003C\/a\u003E\u003C\/h4\u003E\u003Cblockquote class='spip'\u003E\n\u003Cp\u003ELa chanteuse a pr\u00e9sent\u00e9 un spectacle singulier, baroque et enchanteur. A son image\u2026 \n\u003Cbr class='autobr' \/\u003E\nEst-ce qu\u2019un concept peut produire un concert&nbsp;? Est-ce que &#171;&nbsp;Biophilia&nbsp;&#187; peut prendre corps sur sc\u00e8ne&nbsp;? La chanteuse islandaise a d\u00e9jou\u00e9 le pi\u00e8ge en ne retenant de son dernier album qu\u2019un parti pris musical, et englobant les chansons de &#171;&nbsp;Biophilia&nbsp;&#187; dans un set finalement assez spectral. \n\u003Cbr class='autobr' \/\u003E\n&#171;&nbsp;Elle est un peu givr\u00e9e mais j\u2019adore&nbsp;&#187; Si l\u2019album \u00e9voque une sorte d\u2019exploration multim\u00e9dia de la musique, de&nbsp;(\u2026)\u003C\/p\u003E\n\u003C\/blockquote\u003E\n"}

Björk.fr – Site francophone dédié à Björk&nbsp;: musique, clips et actualités

Le Progrès

<h4 class='title'><a href='http://www.bjork.fr/Le-Progres'>Le Progrès</a></h4><blockquote class='spip'>
<p>La chanteuse a présenté un spectacle singulier, baroque et enchanteur. A son image… 
<br class='autobr' />
Est-ce qu’un concept peut produire un concert&nbsp;? Est-ce que &#171;&nbsp;Biophilia&nbsp;&#187; peut prendre corps sur scène&nbsp;? La chanteuse islandaise a déjoué le piège en ne retenant de son dernier album qu’un parti pris musical, et englobant les chansons de &#171;&nbsp;Biophilia&nbsp;&#187; dans un set finalement assez spectral. 
<br class='autobr' />
&#171;&nbsp;Elle est un peu givrée mais j’adore&nbsp;&#187; Si l’album évoque une sorte d’exploration multimédia de la musique, de&nbsp;(…)</p>
</blockquote>
