{"version":"1.0","type":"rich","provider_name":"Bj\u00f6rk.fr \u2013 Site francophone d\u00e9di\u00e9 \u00e0 Bj\u00f6rk&nbsp;: musique, clips et actualit\u00e9s","provider_url":"https:\/\/www.bjork.fr","title":"Les Inrockuptibles&nbsp;: Num\u00e9ro Sp\u00e9cial Bj\u00f6rk","author_name":"","width":"480","height":"315","url":"http:\/\/www.bjork.fr\/Les-Inrockuptibles-Numero-Special-Bjork","html":"\u003Ch4 class='title'\u003E\u003Ca href='http:\/\/www.bjork.fr\/Les-Inrockuptibles-Numero-Special-Bjork'\u003ELes Inrockuptibles&nbsp;: Num\u00e9ro Sp\u00e9cial Bj\u00f6rk\u003C\/a\u003E\u003C\/h4\u003E\u003Cblockquote class='spip'\u003E\n\u003Cp\u003ELes Inrocks de la semaine prochaine consacrera sa couverture \u00e0 Bj\u00f6rk. Le magazine comprend un important article sur Bj\u00f6rk et la sortie de Med\u00falla, retra\u00e7ant les influences et les inspirations. Il pr\u00e9sente \u00e9galement une longue interview exclusive de la chanteuse, dans laquelle l\u2019artiste livre ses impressions sur son nouvel album, sa conception, les racines de l\u2019album, son choix d\u2019un concept purement vocal. Elle explique \u00e9galement le choix des artistes qui ont collabor\u00e9 \u00e0 Med\u00falla et sa&nbsp;(\u2026)\u003C\/p\u003E\n\u003C\/blockquote\u003E\n"}

Björk.fr – Site francophone dédié à Björk&nbsp;: musique, clips et actualités

Les Inrockuptibles&nbsp;: Numéro Spécial Björk

<h4 class='title'><a href='http://www.bjork.fr/Les-Inrockuptibles-Numero-Special-Bjork'>Les Inrockuptibles&nbsp;: Numéro Spécial Björk</a></h4><blockquote class='spip'>
<p>Les Inrocks de la semaine prochaine consacrera sa couverture à Björk. Le magazine comprend un important article sur Björk et la sortie de Medúlla, retraçant les influences et les inspirations. Il présente également une longue interview exclusive de la chanteuse, dans laquelle l’artiste livre ses impressions sur son nouvel album, sa conception, les racines de l’album, son choix d’un concept purement vocal. Elle explique également le choix des artistes qui ont collaboré à Medúlla et sa&nbsp;(…)</p>
</blockquote>
