{"version":"1.0","type":"rich","provider_name":"Bj\u00f6rk.fr \u2013 Site francophone d\u00e9di\u00e9 \u00e0 Bj\u00f6rk&nbsp;: musique, clips et actualit\u00e9s","provider_url":"https:\/\/www.bjork.fr","title":"\u003Cs\u003EPrimavera Sound Festival\u003C\/s\u003E (annul\u00e9)","author_name":"","width":"480","height":"315","url":"http:\/\/www.bjork.fr\/Primavera-Sound-Festival","html":"\u003Ch4 class='title'\u003E\u003Ca href='http:\/\/www.bjork.fr\/Primavera-Sound-Festival'\u003E\u003Cs\u003EPrimavera Sound Festival\u003C\/s\u003E (annul\u00e9)\u003C\/a\u003E\u003C\/h4\u003E\u003Cblockquote class='spip'\u003E\n\u003Cp\u003EDate annul\u00e9e pour raison m\u00e9dicale. Liens \n\u003Cbr class='autobr' \/\u003E\nsonar.es  \n\u003Cbr class='autobr' \/\u003E\nHeading the list of the first batch of confirmed artists is the most universal Icelandic artist&nbsp;: Bj\u00f6rk, who will present \"Biophilia\", her new release that includes an album, a web, an application for each of its tracks, musical instruments especially created for this project, workshops and the spectacular tour that will bring her to Barcelona and Porto. \"Biophilia\" explores the relationship between musical structures and natural&nbsp;(\u2026)\u003C\/p\u003E\n\u003C\/blockquote\u003E\n"}

Björk.fr – Site francophone dédié à Björk&nbsp;: musique, clips et actualités

<s>Primavera Sound Festival</s> (annulé)

<h4 class='title'><a href='http://www.bjork.fr/Primavera-Sound-Festival'><s>Primavera Sound Festival</s> (annulé)</a></h4><blockquote class='spip'>
<p>Date annulée pour raison médicale. Liens 
<br class='autobr' />
sonar.es  
<br class='autobr' />
Heading the list of the first batch of confirmed artists is the most universal Icelandic artist&nbsp;: Björk, who will present "Biophilia", her new release that includes an album, a web, an application for each of its tracks, musical instruments especially created for this project, workshops and the spectacular tour that will bring her to Barcelona and Porto. "Biophilia" explores the relationship between musical structures and natural&nbsp;(…)</p>
</blockquote>
