{"version":"1.0","type":"rich","provider_name":"Bj\u00f6rk.fr \u2013 Site francophone d\u00e9di\u00e9 \u00e0 Bj\u00f6rk&nbsp;: musique, clips et actualit\u00e9s","provider_url":"https:\/\/www.bjork.fr","title":"Orchestre d&#8217;Odil\u00f3n Ch\u00e1vez","author_name":"","width":"480","height":"315","url":"http:\/\/www.bjork.fr\/The-Orchestra-of-Odilon-Chavez","html":"\u003Ch4 class='title'\u003E\u003Ca href='http:\/\/www.bjork.fr\/The-Orchestra-of-Odilon-Chavez'\u003EOrchestre d&#8217;Odil\u00f3n Ch\u00e1vez\u003C\/a\u003E\u003C\/h4\u003E\u003Cblockquote class='spip'\u003E\n\u003Cp\u003EOrchestre dirig\u00e9 par Odil\u00f3n Ch\u00e1vez, un compositeur, orchestrateur et chef d\u2019orchestre mexicain. Travail avec Bj\u00f6rk \n\u003Cbr class='autobr' \/\u003E\nL\u2019orchestre a jou\u00e9 pour les 2 concerts au Mexique sur la tourn\u00e9e Vulnicura \n\u003Cbr class='autobr' \/\u003E\n\u2013 29 mars 2017 - Auditorio Nacional - Mexico, Mexique\n\u003Cbr class='autobr' \/\u003E\n\u2013 2 avril 2017 - Ceremonia festival - Mexico, Mexique Liens \n\u003Cbr class='autobr' \/\u003E\n\u2013 odilonchavez.com\n\u003Cbr class='autobr' \/\u003E\n\u2013 instagram\u003C\/p\u003E\n\u003C\/blockquote\u003E\n"}

Björk.fr – Site francophone dédié à Björk&nbsp;: musique, clips et actualités

Orchestre d&#8217;Odilón Chávez

<h4 class='title'><a href='http://www.bjork.fr/The-Orchestra-of-Odilon-Chavez'>Orchestre d&#8217;Odilón Chávez</a></h4><blockquote class='spip'>
<p>Orchestre dirigé par Odilón Chávez, un compositeur, orchestrateur et chef d’orchestre mexicain. Travail avec Björk 
<br class='autobr' />
L’orchestre a joué pour les 2 concerts au Mexique sur la tournée Vulnicura 
<br class='autobr' />
– 29 mars 2017 - Auditorio Nacional - Mexico, Mexique
<br class='autobr' />
– 2 avril 2017 - Ceremonia festival - Mexico, Mexique Liens 
<br class='autobr' />
– odilonchavez.com
<br class='autobr' />
– instagram</p>
</blockquote>
