{"version":"1.0","type":"rich","provider_name":"Bj\u00f6rk.fr \u2013 Site francophone d\u00e9di\u00e9 \u00e0 Bj\u00f6rk&nbsp;: musique, clips et actualit\u00e9s","provider_url":"https:\/\/www.bjork.fr","title":"Viktor Orri \u00c1rnason","author_name":"sofftchevaliers","width":"480","height":"315","url":"http:\/\/www.bjork.fr\/Viktor-Orri-Arnason","html":"\u003Ch4 class='title'\u003E\u003Ca href='http:\/\/www.bjork.fr\/Viktor-Orri-Arnason'\u003EViktor Orri \u00c1rnason\u003C\/a\u003E\u003C\/h4\u003E\u003Cblockquote class='spip'\u003E\n\u003Cp\u003ECompositeur, chef d\u2019orchestre et producteur islandais Travail avec Bj\u00f6rk \n\u003Cbr class='autobr' \/\u003E\nChef d\u2019orchestre lors des concerts acoustiques Bj\u00f6rk Orchestral au Harpa en Islande le 11 octobre et le 15 novembre 2021 et \u00e0 Miami. Lien \n\u003Cbr class='autobr' \/\u003E\n\u2013 viktorarnason.com\u003C\/p\u003E\n\u003C\/blockquote\u003E\n"}

Björk.fr – Site francophone dédié à Björk&nbsp;: musique, clips et actualités

Viktor Orri Árnason

<h4 class='title'><a href='http://www.bjork.fr/Viktor-Orri-Arnason'>Viktor Orri Árnason</a></h4><blockquote class='spip'>
<p>Compositeur, chef d’orchestre et producteur islandais Travail avec Björk 
<br class='autobr' />
Chef d’orchestre lors des concerts acoustiques Björk Orchestral au Harpa en Islande le 11 octobre et le 15 novembre 2021 et à Miami. Lien 
<br class='autobr' />
– viktorarnason.com</p>
</blockquote>
