{"version":"1.0","type":"rich","provider_name":"Bj\u00f6rk.fr \u2013 Site francophone d\u00e9di\u00e9 \u00e0 Bj\u00f6rk&nbsp;: musique, clips et actualit\u00e9s","provider_url":"https:\/\/www.bjork.fr","title":"\u003Cs\u003ERoute du Rock\u003C\/s\u003E (annul\u00e9)","author_name":"aifol","width":"480","height":"315","url":"https:\/\/www.bjork.fr\/15-08-2015-Route-du-Rock","html":"\u003Ch4 class='title'\u003E\u003Ca href='https:\/\/www.bjork.fr\/15-08-2015-Route-du-Rock'\u003E\u003Cs\u003ERoute du Rock\u003C\/s\u003E (annul\u00e9)\u003C\/a\u003E\u003C\/h4\u003E\u003Cblockquote class='spip'\u003E\n\u003Cp\u003Ecette date a \u00e9t\u00e9 annul\u00e9e comme le reste la tourn\u00e9e Vulnicura en raison d\u2019un conflit d\u2019agenda Infos et billetterie  \n\u003Cbr class='autobr' \/\u003E\n\u2013 www.laroutedurock.com\u003C\/p\u003E\n\u003C\/blockquote\u003E\n"}

Björk.fr – Site francophone dédié à Björk&nbsp;: musique, clips et actualités

<s>Route du Rock</s> (annulé)

<h4 class='title'><a href='https://www.bjork.fr/15-08-2015-Route-du-Rock'><s>Route du Rock</s> (annulé)</a></h4><blockquote class='spip'>
<p>cette date a été annulée comme le reste la tournée Vulnicura en raison d’un conflit d’agenda Infos et billetterie  
<br class='autobr' />
– www.laroutedurock.com</p>
</blockquote>
