{"version":"1.0","type":"rich","provider_name":"Bj\u00f6rk.fr \u2013 Site francophone d\u00e9di\u00e9 \u00e0 Bj\u00f6rk&nbsp;: musique, clips et actualit\u00e9s","provider_url":"https:\/\/www.bjork.fr","title":"Installation sonore au Centre Pompidou","author_name":"sofftchevaliers","width":"480","height":"315","url":"https:\/\/www.bjork.fr\/Installation-sonore-au-Centre-Pompidou","html":"\u003Ch4 class='title'\u003E\u003Ca href='https:\/\/www.bjork.fr\/Installation-sonore-au-Centre-Pompidou'\u003EInstallation sonore au Centre Pompidou\u003C\/a\u003E\u003C\/h4\u003E\u003Cblockquote class='spip'\u003E\n\u003Cp\u003EDans le cadre du Forum biodiversit\u00e9&nbsp;: &#171;&nbsp;quelle culture pour quel futur&nbsp;?&nbsp;&#187; et avant sa fermeture prochaine pour r\u00e9novation (jusqu\u2019en 2030&nbsp;!), le Centre Pompidou accueille, du 20 novembre au 9 d\u00e9cembre 2024 une installation sonore immersive, fruit de la collaboration entre Bj\u00f6rk et Aleph Molinari qui sera diffus\u00e9e dans la Chenille, l\u2019iconique escalator vitr\u00e9 du centre. \n\u003Cbr class='autobr' \/\u003E\n\u00c0 travers cette \u0153uvre intitul\u00e9e Nature Manifesto, les artistes souhaitent interroger notre lien avec la nature et&nbsp;(\u2026)\u003C\/p\u003E\n\u003C\/blockquote\u003E\n"}

Björk.fr – Site francophone dédié à Björk&nbsp;: musique, clips et actualités

<h4 class='title'><a href='https://www.bjork.fr/Installation-sonore-au-Centre-Pompidou'>Installation sonore au Centre Pompidou</a></h4><blockquote class='spip'>
<p>Dans le cadre du Forum biodiversité&nbsp;: &#171;&nbsp;quelle culture pour quel futur&nbsp;?&nbsp;&#187; et avant sa fermeture prochaine pour rénovation (jusqu’en 2030&nbsp;!), le Centre Pompidou accueille, du 20 novembre au 9 décembre 2024 une installation sonore immersive, fruit de la collaboration entre Björk et Aleph Molinari qui sera diffusée dans la Chenille, l’iconique escalator vitré du centre. 
<br class='autobr' />
À travers cette œuvre intitulée Nature Manifesto, les artistes souhaitent interroger notre lien avec la nature et&nbsp;(…)</p>
</blockquote>
