{"version":"1.0","type":"rich","provider_name":"Bj\u00f6rk.fr \u2013 Site francophone d\u00e9di\u00e9 \u00e0 Bj\u00f6rk&nbsp;: musique, clips et actualit\u00e9s","provider_url":"https:\/\/www.bjork.fr","title":"Inter\/VIEW","author_name":"sofftchevaliers","width":"480","height":"315","url":"https:\/\/www.bjork.fr\/Inter-VIEW-september-2017","html":"\u003Ch4 class='title'\u003E\u003Ca href='https:\/\/www.bjork.fr\/Inter-VIEW-september-2017'\u003EInter\/VIEW\u003C\/a\u003E\u003C\/h4\u003E\u003Cblockquote class='spip'\u003E\n\u003Cp\u003ENews \n\u003Cbr class='autobr' \/\u003E\n\u2013 Bj\u00f6rk en une du magazine allemand Inter\/VIEW\u003C\/p\u003E\n\u003C\/blockquote\u003E\n"}

Björk.fr – Site francophone dédié à Björk&nbsp;: musique, clips et actualités

<h4 class='title'><a href='https://www.bjork.fr/Inter-VIEW-september-2017'>Inter/VIEW</a></h4><blockquote class='spip'>
<p>News 
<br class='autobr' />
– Björk en une du magazine allemand Inter/VIEW</p>
</blockquote>
