{"version":"1.0","type":"rich","provider_name":"Bj\u00f6rk.fr \u2013 Site francophone d\u00e9di\u00e9 \u00e0 Bj\u00f6rk&nbsp;: musique, clips et actualit\u00e9s","provider_url":"https:\/\/www.bjork.fr","title":"Interview sur la BBC","author_name":"","width":"480","height":"315","url":"https:\/\/www.bjork.fr\/Interview-sur-la-BBC","html":"\u003Ch4 class='title'\u003E\u003Ca href='https:\/\/www.bjork.fr\/Interview-sur-la-BBC'\u003EInterview sur la BBC\u003C\/a\u003E\u003C\/h4\u003E\u003Cblockquote class='spip'\u003E\n\u003Cp\u003EBj\u00f6rk \u00e9tait ce soir en interview avec Zane Lowe sur la BBC. Elle est revenue sur la conception de Vulnicura, la fuite de l\u2019album et les concerts \u00e0 venir. \n\u003Cbr class='autobr' \/\u003E\nL\u2019interview est d\u00e9j\u00e0 disponible. \n\u003Cbr class='autobr' \/\u003E\nThere is no way to say how you should react. In my situation, I had one thing going for me &mdash; the album was mastered and ready. I don\u2019t know how I would have reacted if it was four months before. It might have been messier\u2026. And I think also, because of the nature of the album for me emotionally, it\u2019s the&nbsp;(\u2026)\u003C\/p\u003E\n\u003C\/blockquote\u003E\n"}

Björk.fr – Site francophone dédié à Björk&nbsp;: musique, clips et actualités

<h4 class='title'><a href='https://www.bjork.fr/Interview-sur-la-BBC'>Interview sur la BBC</a></h4><blockquote class='spip'>
<p>Björk était ce soir en interview avec Zane Lowe sur la BBC. Elle est revenue sur la conception de Vulnicura, la fuite de l’album et les concerts à venir. 
<br class='autobr' />
L’interview est déjà disponible. 
<br class='autobr' />
There is no way to say how you should react. In my situation, I had one thing going for me &mdash; the album was mastered and ready. I don’t know how I would have reacted if it was four months before. It might have been messier…. And I think also, because of the nature of the album for me emotionally, it’s the&nbsp;(…)</p>
</blockquote>
