{"version":"1.0","type":"rich","provider_name":"Bj\u00f6rk.fr \u2013 Site francophone d\u00e9di\u00e9 \u00e0 Bj\u00f6rk&nbsp;: musique, clips et actualit\u00e9s","provider_url":"https:\/\/www.bjork.fr","title":"Le programme \u00e9ducatif Biophilia \u00e0 Paris","author_name":"","width":"480","height":"315","url":"https:\/\/www.bjork.fr\/Le-programme-educatif-Biophilia-a-Paris","html":"\u003Ch4 class='title'\u003E\u003Ca href='https:\/\/www.bjork.fr\/Le-programme-educatif-Biophilia-a-Paris'\u003ELe programme \u00e9ducatif Biophilia \u00e0 Paris\u003C\/a\u003E\u003C\/h4\u003E\u003Cblockquote class='spip'\u003E\n\u003Cp\u003ESuite \u00e0 l\u2019invitation de Deuxi\u00e8me Labo, Benjicok et Mika se sont rendus sur les ateliers Biophilia \u00e0 l\u2019Espace des sciences Pierre-Gilles de Gennes de l\u2019ESPCI ParisTech \u00e0 la d\u00e9couverte du programme \u00e9ducatif Biophilia. En coordination avec Deuxi\u00e8me Labo et supervis\u00e9 par Curver Thoroddsen, il a pour but d\u2019initier les enfants \u00e0 la musique et aux sciences par le biais des nouvelles technologies. \n\u003Cbr class='autobr' \/\u003E\nLes ateliers, pr\u00e9vus pour une quinzaine d\u2019enfants de 10 \u00e0 12 ans, s\u2019\u00e9talent sur une p\u00e9riode d\u2019une&nbsp;(\u2026)\u003C\/p\u003E\n\u003C\/blockquote\u003E\n"}

Björk.fr – Site francophone dédié à Björk&nbsp;: musique, clips et actualités

Le programme éducatif Biophilia à Paris

<h4 class='title'><a href='https://www.bjork.fr/Le-programme-educatif-Biophilia-a-Paris'>Le programme éducatif Biophilia à Paris</a></h4><blockquote class='spip'>
<p>Suite à l’invitation de Deuxième Labo, Benjicok et Mika se sont rendus sur les ateliers Biophilia à l’Espace des sciences Pierre-Gilles de Gennes de l’ESPCI ParisTech à la découverte du programme éducatif Biophilia. En coordination avec Deuxième Labo et supervisé par Curver Thoroddsen, il a pour but d’initier les enfants à la musique et aux sciences par le biais des nouvelles technologies. 
<br class='autobr' />
Les ateliers, prévus pour une quinzaine d’enfants de 10 à 12 ans, s’étalent sur une période d’une&nbsp;(…)</p>
</blockquote>
