{"version":"1.0","type":"rich","provider_name":"Bj\u00f6rk.fr \u2013 Site francophone d\u00e9di\u00e9 \u00e0 Bj\u00f6rk&nbsp;: musique, clips et actualit\u00e9s","provider_url":"https:\/\/www.bjork.fr","title":"Sortie de Volta Revisited annul\u00e9e","author_name":"","width":"480","height":"315","url":"https:\/\/www.bjork.fr\/Sortie-de-Volta-Revisited-annulee","html":"\u003Ch4 class='title'\u003E\u003Ca href='https:\/\/www.bjork.fr\/Sortie-de-Volta-Revisited-annulee'\u003ESortie de Volta Revisited annul\u00e9e\u003C\/a\u003E\u003C\/h4\u003E\u003Cblockquote class='spip'\u003E\n\u003Cp\u003EDans la famille Annulation, je demande la carte Sortie CD... Bonne pioche semble-t-il&nbsp;! \n\u003Cbr class='autobr' \/\u003E\nUn des membres du forum a re\u00e7u un e-mail de cdjapan annon\u00e7ant l\u2019annulation de la sortie de Volta Revisited par Universal Music Japan. Aucune pr\u00e9cision quant \u00e0 une \u00e9ventuelle date de sortie ult\u00e9rieure... \n\u003Cbr class='autobr' \/\u003E\n Le feuilleton Volta Revisited marque donc une petite pause en esp\u00e9rant le voir montrer le bout de son nez tr\u00e8s prochainement... \n\u003Cbr class='autobr' \/\u003E\n merci \u00e0 sanlogik pour l\u2019info\u003C\/p\u003E\n\u003C\/blockquote\u003E\n"}

Björk.fr – Site francophone dédié à Björk&nbsp;: musique, clips et actualités

Sortie de Volta Revisited annulée

<h4 class='title'><a href='https://www.bjork.fr/Sortie-de-Volta-Revisited-annulee'>Sortie de Volta Revisited annulée</a></h4><blockquote class='spip'>
<p>Dans la famille Annulation, je demande la carte Sortie CD... Bonne pioche semble-t-il&nbsp;! 
<br class='autobr' />
Un des membres du forum a reçu un e-mail de cdjapan annonçant l’annulation de la sortie de Volta Revisited par Universal Music Japan. Aucune précision quant à une éventuelle date de sortie ultérieure... 
<br class='autobr' />
 Le feuilleton Volta Revisited marque donc une petite pause en espérant le voir montrer le bout de son nez très prochainement... 
<br class='autobr' />
 merci à sanlogik pour l’info</p>
</blockquote>
