{"version":"1.0","type":"rich","provider_name":"Bj\u00f6rk.fr \u2013 Site francophone d\u00e9di\u00e9 \u00e0 Bj\u00f6rk&nbsp;: musique, clips et actualit\u00e9s","provider_url":"https:\/\/www.bjork.fr","title":"Vidar Logi - Vogue","author_name":"sofftchevaliers","width":"480","height":"315","url":"https:\/\/www.bjork.fr\/Vidar-Logi-Vogue","html":"\u003Ch4 class='title'\u003E\u003Ca href='https:\/\/www.bjork.fr\/Vidar-Logi-Vogue'\u003EVidar Logi - Vogue\u003C\/a\u003E\u003C\/h4\u003E\u003Cblockquote class='spip'\u003E\n\u003Cp\u003EShooting pour Vogue Scandinavia. il s\u2019agit de sa toute premi\u00e8re couverture pour le magazine. Anecdote \n\u003Cbr class='autobr' \/\u003E\nLa s\u00e9ance photo a dur\u00e9 12 heures, au cours de laquelle Bj\u00f6rk et son \u00e9quipe ont gonfl\u00e9 des vestes et utilis\u00e9 l\u2019une des robes transparentes (avec merkin) que John Galliano avait d\u00e9voil\u00e9e lors du d\u00e9fil\u00e9 de la Maison Margiela quelques jours plus t\u00f4t.  \n\u003Cbr class='autobr' \/\u003E\nLorsque j\u2019ai enfil\u00e9 la robe Margiela et mis les proth\u00e8ses de hanches, j\u2019ai eu l\u2019impression que la boucle \u00e9tait boucl\u00e9e. (Elle porte des&nbsp;(\u2026)\u003C\/p\u003E\n\u003C\/blockquote\u003E\n"}

Björk.fr – Site francophone dédié à Björk&nbsp;: musique, clips et actualités

<h4 class='title'><a href='https://www.bjork.fr/Vidar-Logi-Vogue'>Vidar Logi - Vogue</a></h4><blockquote class='spip'>
<p>Shooting pour Vogue Scandinavia. il s’agit de sa toute première couverture pour le magazine. Anecdote 
<br class='autobr' />
La séance photo a duré 12 heures, au cours de laquelle Björk et son équipe ont gonflé des vestes et utilisé l’une des robes transparentes (avec merkin) que John Galliano avait dévoilée lors du défilé de la Maison Margiela quelques jours plus tôt.  
<br class='autobr' />
Lorsque j’ai enfilé la robe Margiela et mis les prothèses de hanches, j’ai eu l’impression que la boucle était bouclée. (Elle porte des&nbsp;(…)</p>
</blockquote>
